t g = -2 - -7. Let v = 16 - g. What are the prime factors of v?
11
Let i be (4 - 2) + 3/3. Suppose -h = w - 8, -3*w = h + 1 - i. List the prime factors of h.
11
Let d(s) = 14*s + 1. List the prime factors of d(6).
5, 17
Let z = -5 + 9. List the prime factors of 62/z + (-2)/(-4).
2
Let u(s) = -s**2 - 4*s - 2. Suppose -2*g - 24 = 5*q, q + 10 = -q - g. Let r be u(q). What are the prime factors of (r + 17 - 0)/1?
3, 5
Let w(m) = -m**2 + 8*m - 4. Let p be w(10). What are the prime factors of (-53)/(-4) + 6/p?
13
What are the prime factors of (-1248)/(-10) + (-4 - -2)/(-10)?
5
Let z = 175 - -41. Let q be (z/(-20))/((-2)/5). Let p = q - 16. What are the prime factors of p?
11
Suppose 0 = y + 3*s - 29, 4*y = y + 2*s + 131. List the prime factors of y.
41
Let y = -18 + 30. Let h(o) = o**2 - 7*o - 6. Let j be h(8). Suppose j*s - y = -s. List the prime factors of s.
2
List the prime factors of 41/((20/(-4))/(-5)).
41
Let q = 133 + -56. List the prime factors of q.
7, 11
Suppose 8 = 3*k - 7. Suppose -2*m + 42 = k*w, 0*m + 2*m + 2*w = 30. List the prime factors of m.
11
Suppose o + 4*j = 3*o + 6, 3*o - 2*j + 9 = 0. List the prime factors of 0 - o/1 - -3.
2, 3
List the prime factors of ((-10)/6 + 3)*150.
2, 5
Let o(j) be the second derivative of -j**5/10 + j**4/12 - j**3/6 + 3*j**2/2 + 8*j. List the prime factors of o(-2).
5
Suppose 4*v = -2*t + 3*t + 86, -t - 44 = -2*v. List the prime factors of v.
3, 7
Let p(k) = 4*k - 3. Let g be p(2). Suppose -2*o + h = -6, 0 = 5*o - o + g*h - 26. What are the prime factors of o?
2
Let a = 3 + -3. Suppose -5*i + 12 = 3*p, a = -3*p + 3*i - 0 + 12. Suppose 0 = -n - n + p. List the prime factors of n.
2
Suppose m - 8 = -3*m. Suppose -5*t - 2*j = -18, 0 = -m*t - 3*j + 5. Suppose -a - 6 = -t*a. What are the prime factors of a?
2
Let o(y) = 3*y - 1. Let m be o(1). Let z be (8/(-5))/(m/(-5)). Suppose 2*a = -p, -4*p + 5*a + z = -6*p. What are the prime factors of p?
2
Let w = -90 - -135. List the prime factors of w.
3, 5
Let g(c) = c**3 + 12*c**2 - 3*c - 1. What are the prime factors of g(-10)?
229
Let z be 4 - ((-3)/1)/3. Let u(q) = q**2 - q + 1. Let y(r) = 12*r**3 - 5*r**2 + 4*r - 4. Let i(n) = z*u(n) + y(n). What are the prime factors of i(1)?
2, 3
Let d be 5 + -2 + 2 - 2. Let n be -1 + (1 - (-1 - 5)). Suppose d*c - 21 = -n. What are the prime factors of c?
5
Let m(t) = 5*t + 4. Let z be m(5). Suppose -3*a - 5*d = a - 73, -3*d - 14 = -a. Let y = z - a. What are the prime factors of y?
2, 3
Let i = -28 - -55. List the prime factors of i.
3
Suppose -6*f + 2*f + 32 = 0. What are the prime factors of f?
2
Let s(l) = l**2 - l - 2. Let y be s(2). Suppose 5*k - k = y. Let o(n) = n**2 - n + 7. What are the prime factors of o(k)?
7
Let x(u) = u**3 + 9*u**2 - 23*u - 5. List the prime factors of x(-8).
3
Let c = 3 + 2. Let x(p) = p**2 - 5*p - 5. Let n be x(6). What are the prime factors of (13/c)/(n/5)?
13
Let s(r) be the third derivative of 5*r**4/24 - r**3/6 + 3*r**2. Let p be s(3). What are the prime factors of (-12)/42 + 312/p?
2, 11
Let g(q) = -34*q - 4. List the prime factors of g(-8).
2, 67
Let b(c) = -3*c - 1. Suppose -3*k + 12 = 2*p, -k - 4*p - 4 = -2*k. Let v = -8 + k. List the prime factors of b(v).
11
Let d(j) = 24*j - 35. List the prime factors of d(11).
229
Let a = -9 - -25. List the prime factors of a.
2
Let r = 5 - 2. Let y = r - 1. What are the prime factors of y?
2
Let q(t) = 3*t**2 + 6*t + 3. Let c be q(-5). Suppose -5*j = -k - c, 6*k - 28 = -2*j + 2*k. List the prime factors of j.
2, 5
Let h(k) = -3*k + 7. Let u be h(6). List the prime factors of 1 - 4*u/2.
23
Let f(q) = q**3 + 4*q**2 + q + 6. Let t be f(-5). Let y = t + 48. Suppose -8 = -4*r - 5*d + 36, -3*d + y = 2*r. What are the prime factors of r?
2, 3
Let r(z) = -z**3 + 4*z**2 - 3*z + 2. Let d be r(3). Suppose -d*b - 2*b = -52. Let v = b + -5. List the prime factors of v.
2
Suppose v + 2*v - 38 = -o, -4*o - v = -97. List the prime factors of o.
23
Suppose -l = -3*l + 132. List the prime factors of l.
2, 3, 11
Let x(j) = j**3 - 4*j**2 + 3*j + 3. Let q be x(3). Suppose 51 = -q*d + 3*u, -2*d + 3*u = 2*d + 66. List the prime factors of d*(8/6 - 2).
2, 5
Let y(b) = 6*b**2 + 3*b + 5. Let w(i) = -2*i**2 - i - 2. Let f(x) = -7*w(x) - 2*y(x). Let z be f(3). Let c = -7 + z. What are the prime factors of c?
2, 3
Suppose 4*o - 3*m - 1008 = 0, 0*o - 239 = -o + 4*m. What are the prime factors of o?
3, 5, 17
Let a be 1 - 3 - 10/1. Let c = a - -37. List the prime factors of c.
5
Suppose -4*y - 21 = -w, -2*w + 2*y + 46 = -2*y. Suppose -8 = -4*b + 5*z + 12, 5*b - w = -2*z. List the prime factors of b.
5
Suppose 2*r = 4*r - 148. What are the prime factors of r?
2, 37
Suppose -4*k + 2*r + 1010 = 0, 3*k + 0*r - 757 = r. What are the prime factors of k?
2, 3, 7
Suppose 0 = -0*f - 2*f + c + 15, 2*c - 6 = -2*f. Let w(z) = z + 8. What are the prime factors of w(f)?
2, 7
Let s = -4 + 7. List the prime factors of 4 - (-4)/(s - 1).
2, 3
Let c = 1 - -1. Let h be c*2/4 + 1. Suppose -h*i = -0*i - 24. List the prime factors of i.
2, 3
Suppose 5*w = -1030 + 3010. List the prime factors of w.
2, 3, 11
Let r = 327 - 144. What are the prime factors of r?
3, 61
Suppose g = -2*s + 5, 4*g + 0*s = 5*s + 20. Suppose f + 1 = 2*a + g, -5*a = -20. Suppose -q + 2*q - f = 0. List the prime factors of q.
2, 3
Let j be 9*(3/9 - 0). Suppose -l + 28 = j*l. What are the prime factors of l?
7
What are the prime factors of 4/(-2) + 4 + 10?
2, 3
Let g(k) = -12*k + 4. Let t be g(-3). Let x(y) = 2*y**2 + 1. Let h be x(-1). Suppose 2*z = h*u - 36, -3*z = -4*u + t + 8. What are the prime factors of u?
2, 3
What are the prime factors of 24/30 + (-4578)/(-15)?
2, 3, 17
List the prime factors of ((-26)/8)/(5/(-20)).
13
Let c be 1/(3/(-9)) - -2. Let t = 1 - c. What are the prime factors of 42/4 + 1/t?
11
Let p be 15/4 - 1/(-4). Let x = -9 - -13. What are the prime factors of 18/p + (-2)/x?
2
Let b be -2 - 16/(1 - 3). List the prime factors of 128/6 - b/(-9).
2, 11
Let r be 8*3/(7 + -1). Let y = 9 - r. Suppose -2*u + 13 = -y*k, 23 = u + k + 2*k. What are the prime factors of u?
2, 7
Suppose 0 = 2*i + 6, i + 2 = 3*x - 1. Suppose -2*w = -4*a - x*w + 188, 0 = 5*a - w - 229. List the prime factors of a.
3, 5
Let y(v) = v**2 - 3*v + 13. Let f be y(6). Suppose 3*j - f = 17. List the prime factors of j.
2
Let z = 35 + -29. What are the prime factors of z?
2, 3
Let g be 6*-3*(-1 - -2). Let b = -28 - g. Let k = 17 + b. What are the prime factors of k?
7
List the prime factors of 4/(-6) + 128/3.
2, 3, 7
Let m = 22 + -18. List the prime factors of m.
2
Suppose -2*w - 194 = -4*m, 0*m - 71 = -m - 4*w. What are the prime factors of m?
3, 17
Let j(k) = -k**3 - 8*k**2 - 10*k - 5. What are the prime factors of j(-7)?
2
Suppose -3*n = n + 4. Let r(d) = d + 7. Let t be r(-6). List the prime factors of t/(3/21) + n.
2, 3
Let z(x) = x**3 - 5*x**2 - 5*x - 5. Let t be z(6). What are the prime factors of -45*t*(-3)/9?
3, 5
Suppose -4 = -2*w, -w + 13 = -3*v + 5. Let t be 0 + 26 + 4/v. Let l = -16 + t. What are the prime factors of l?
2
Let i(z) = -2*z**3 - 2*z**2 + 2*z. What are the prime factors of i(-2)?
2
Let y(q) = -3 + 0 - 4*q + 3 + 3. List the prime factors of y(-7).
31
Let b be 23 - -1 - (-4 + 6). Suppose 0 = -2*d + d - 5*p - b, -2 = d + p. What are the prime factors of d?
3
Let w(d) = d**3 + 2*d**2 - 3*d. What are the prime factors of w(2)?
2, 5
Suppose -5*v - 25 = 0, -t = 3*t - 5*v - 125. What are the prime factors of t?
5
Let k(c) = -c**3 - 19*c**2 - 36*c + 16. List the prime factors of k(-18).
2, 5, 17
Suppose 4*w - 110 = 110. Suppose 0 = 5*m + 2*h - 0*h - 35, 5*m - 2*h = w. What are the prime factors of m?
3
Let z = -10 + 13. What are the prime factors of z?
3
Suppose -2*g - 2*g - 3*j = -540, 4*j = 0. What are the prime factors of g?
3, 5
Suppose 0*n + 5*n - 160 = 0. List the prime factors of n.
2
Suppose -3*l + 4*h + 32 + 11 = 0, 5*l - 115 = -2*h. What are the prime factors of (l/6)/(2/8)?
2, 7
What are the prime factors of (9/(-3))/(6/(-10))?
5
Suppose 4*p - 16 = -f, -4*f + 0*p + 22 = 2*p. Suppose -m - f*m = -35. Suppose -2*k - k - g = -m, k + 2 = 4*g. List the prime factors of k.
2
Let v(y) be the second derivative of 19*y**4/12 - y**3/3 - y**2/2 - 6*y. What are the prime factors of v(-1)?
2, 5
Suppose 0*b - 2*b - 2*h + 536 = 